 factors of 8578.
2, 4289
List the prime factors of 19930.
2, 5, 1993
List the prime factors of 1052.
2, 263
List the prime factors of 1386.
2, 3, 7, 11
List the prime factors of 3639.
3, 1213
List the prime factors of 93022.
2, 46511
List the prime factors of 781.
11, 71
What are the prime factors of 2822?
2, 17, 83
List the prime factors of 18681.
3, 13, 479
What are the prime factors of 999?
3, 37
What are the prime factors of 1596?
2, 3, 7, 19
What are the prime factors of 389?
389
What are the prime factors of 3678?
2, 3, 613
What are the prime factors of 1389?
3, 463
List the prime factors of 249.
3, 83
List the prime factors of 5819.
11, 23
What are the prime factors of 909?
3, 101
List the prime factors of 16.
2
What are the prime factors of 1052?
2, 263
What are the prime factors of 39338?
2, 13, 17, 89
What are the prime factors of 14741?
14741
List the prime factors of 27829.
17, 1637
List the prime factors of 15167.
29, 523
What are the prime factors of 49553?
7, 7079
List the prime factors of 4042.
2, 43, 47
What are the prime factors of 124?
2, 31
What are the prime factors of 51787?
51787
What are the prime factors of 16683?
3, 67, 83
List the prime factors of 19544.
2, 7, 349
What are the prime factors of 1675?
5, 67
List the prime factors of 125971.
23, 5477
What are the prime factors of 73135?
5, 14627
What are the prime factors of 2910?
2, 3, 5, 97
What are the prime factors of 10030?
2, 5, 17, 59
List the prime factors of 12625.
5, 101
What are the prime factors of 47883?
3, 11, 1451
List the prime factors of 31603.
11, 13, 17
What are the prime factors of 101741?
101741
List the prime factors of 163.
163
What are the prime factors of 29015?
5, 7, 829
List the prime factors of 84624.
2, 3, 41, 43
What are the prime factors of 6554?
2, 29, 113
What are the prime factors of 64228?
2, 16057
List the prime factors of 6802.
2, 19, 179
What are the prime factors of 7599?
3, 17, 149
List the prime factors of 8935.
5, 1787
What are the prime factors of 2685?
3, 5, 179
What are the prime factors of 1154?
2, 577
What are the prime factors of 2997?
3, 37
List the prime factors of 1855.
5, 7, 53
List the prime factors of 11048.
2, 1381
What are the prime factors of 7831?
41, 191
List the prime factors of 129464.
2, 16183
List the prime factors of 4154.
2, 31, 67
What are the prime factors of 45556?
2, 7, 1627
List the prime factors of 163.
163
List the prime factors of 13929.
3, 4643
List the prime factors of 4136.
2, 11, 47
What are the prime factors of 5680?
2, 5, 71
What are the prime factors of 282?
2, 3, 47
List the prime factors of 15632.
2, 977
List the prime factors of 4246.
2, 11, 193
What are the prime factors of 5903?
5903
What are the prime factors of 6306?
2, 3, 1051
What are the prime factors of 1653?
3, 19, 29
List the prime factors of 334.
2, 167
What are the prime factors of 1100?
2, 5, 11
What are the prime factors of 12418?
2, 7, 887
What are the prime factors of 1728?
2, 3
List the prime factors of 34205.
5, 6841
What are the prime factors of 12936?
2, 3, 7, 11
What are the prime factors of 37479?
3, 13, 31
List the prime factors of 30506.
2, 7, 2179
What are the prime factors of 2063?
2063
List the prime factors of 874.
2, 19, 23
List the prime factors of 2466.
2, 3, 137
What are the prime factors of 7731?
3, 859
List the prime factors of 64706.
2, 32353
What are the prime factors of 44042?
2, 19, 61
What are the prime factors of 2163?
3, 7, 103
What are the prime factors of 386?
2, 193
List the prime factors of 334.
2, 167
List the prime factors of 12830.
2, 5, 1283
What are the prime factors of 10636?
2, 2659
What are the prime factors of 12736?
2, 199
List the prime factors of 9899.
19, 521
What are the prime factors of 2182?
2, 1091
List the prime factors of 34487.
34487
List the prime factors of 4664.
2, 11, 53
List the prime factors of 27.
3
List the prime factors of 1154.
2, 577
List the prime factors of 54389.
137, 397
List the prime factors of 173.
173
What are the prime factors of 1103?
1103
What are the prime factors of 14?
2, 7
List the prime factors of 8219.
8219
What are the prime factors of 5846?
2, 37, 79
What are the prime factors of 1262?
2, 631
What are the prime factors of 83?
83
List the prime factors of 15685.
5, 3137
What are the prime factors of 63965?
5, 11, 1163
What are the prime factors of 169727?
19, 8933
List the prime factors of 393.
3, 131
List the prime factors of 1138.
2, 569
List the prime factors of 120308.
2, 19, 1583
List the prime factors of 2602.
2, 1301
List the prime factors of 26080.
2, 5, 163
What are the prime factors of 5522?
2, 11, 251
What are the prime factors of 4379?
29, 151
What are the prime factors of 8189?
19, 431
List the prime factors of 10085.
5, 2017
What are the prime factors of 118?
2, 59
List the prime factors of 9684.
2, 3, 269
What are the prime factors of 2779?
7, 397
What are the prime factors of 14017?
107, 131
What are the prime factors of 6660?
2, 3, 5, 37
What are the prime factors of 137578?
2, 7, 31, 317
What are the prime factors of 19336?
2, 2417
List the prime factors of 9061.
13, 17, 41
List the prime factors of 4983.
3, 11, 151
List the prime factors of 5494.
2, 41, 67
What are the prime factors of 52583?
52583
List the prime factors of 100771.
11, 9161
What are the prime factors of 8621?
37, 233
What are the prime factors of 1682?
2, 29
What are the prime factors of 50865?
3, 5, 3391
List the prime factors of 97464.
2, 3, 31, 131
What are the prime factors of 20932?
2, 5233
List the prime factors of 45395.
5, 7, 1297
List the prime factors of 98.
2, 7
List the prime factors of 60875.
5, 487
What are the prime factors of 3000?
2, 3, 5
What are the prime factors of 9237?
3, 3079
What are the prime factors of 840?
2, 3, 5, 7
List the prime factors of 3937.
31, 127
List the prime factors of 40416.
2, 3, 421
What are the prime factors of 2091?
3, 17, 41
List the prime factors of 393.
3, 131
What are the prime factors of 3263?
13, 251
List the prime factors of 4557.
3, 7, 31
What are the prime factors of 1405?
5, 281
What are the prime factors of 11038?
2, 5519
List the prime factors of 4148.
2, 17, 61
What are the prime factors of 371?
7, 53
What are the prime factors of 48491?
48491
List the prime factors of 2637.
3, 293
What are the prime factors of 2043?
3, 227
What are the prime factors of 13036?
2, 3259
What are the prime factors of 57775?
5, 2311
What are the prime factors of 222?
2, 3, 37
What are the prime factors of 28400?
2, 5, 71
What are the prime factors of 181?
181
List the prime factors of 1223.
1223
List the prime factors of 609.
3, 7, 29
List the prime factors of 19822.
2, 11, 17, 53
What are the prime factors of 619?
619
List the prime factors of 26954.
2, 13477
What are the prime factors of 53887?
53887
List the prime factors of 16172.
2, 13, 311
What are the prime factors of 88842?
2, 3, 13, 17, 67
List the prime factors of 800.
2, 5
What are the prime factors of 5259?
3, 1753
List the prime factors of 2338.
2, 7, 167
What are the prime factors of 1061?
1061
List the prime factors of 11642.
2, 5821
List the prime factors of 2909.
2909
List the prime factors of 17299.
17299
List the prime factors of 21353.
131, 163
What are the prime factors of 1356?
2, 3, 113
List the prime factors of 71072.
2, 2221
What are the prime factors of 398?
2, 199
What are the prime factors of 610?
2, 5, 61
List the prime factors of 984.
2, 3, 41
What are the prime factors of 996?
2, 3, 83
What are the prime factors of 11320?
2, 5, 283
List the prime factors of 9438.
2, 3, 11, 13
List the prime factors of 507.
3, 13
List the prime factors of 106701.
3, 7, 5081
List the prime factors of 421.
421
What are the prime factors of 9145?
5, 31, 59
List the prime factors of 51818.
2, 13, 1993
List the prime factors of 2311.
2311
What are the prime factors of 5851?
5851
List the prime factors of 9037.
7, 1291
What are the prime factors of 133337?
133337
List the prime factors of 37473.
3, 12491
List the prime factors of 1591.
37, 43
What are the prime factors of 15697?
11, 1427
List the prime factors of 1119.
3, 373
What are the prime factors of 33528?
2, 3, 11, 127
List the prime factors of 7008.
2, 3, 73
List the prime factors of 622.
2, 311
List the